7783022 is divided by 87?
2
Calculate the remainder when 310057 is divided by 51659.
103
Calculate the remainder when 110112375 is divided by 7.
2
Calculate the remainder when 1428340 is divided by 10347.
454
What is the remainder when 537516 is divided by 598?
512
Calculate the remainder when 328104 is divided by 430.
14
What is the remainder when 10993699 is divided by 5?
4
Calculate the remainder when 8281619 is divided by 10769.
258
What is the remainder when 391712870 is divided by 130570954?
8
Calculate the remainder when 754810 is divided by 754674.
136
Calculate the remainder when 129584 is divided by 129427.
157
Calculate the remainder when 466960965 is divided by 2446.
2443
Calculate the remainder when 5557917 is divided by 51.
39
Calculate the remainder when 37576 is divided by 4902.
3262
What is the remainder when 21353039 is divided by 127?
21
Calculate the remainder when 6755 is divided by 347.
162
Calculate the remainder when 913603 is divided by 385.
383
Calculate the remainder when 141456 is divided by 581.
273
What is the remainder when 2937366 is divided by 979115?
21
Calculate the remainder when 8331 is divided by 226.
195
What is the remainder when 1865 is divided by 936?
929
Calculate the remainder when 208910 is divided by 207683.
1227
Calculate the remainder when 135770 is divided by 8344.
2266
What is the remainder when 11385822 is divided by 101?
92
What is the remainder when 1744204 is divided by 1778?
1764
Calculate the remainder when 78606348 is divided by 8417.
8402
Calculate the remainder when 4300294 is divided by 56.
54
Calculate the remainder when 3550334 is divided by 64.
62
What is the remainder when 5906750 is divided by 1808?
14
Calculate the remainder when 96371 is divided by 7946.
1019
What is the remainder when 34491837 is divided by 58?
49
Calculate the remainder when 8142308 is divided by 814230.
8
Calculate the remainder when 1366030 is divided by 682425.
1180
Calculate the remainder when 202366 is divided by 1744.
62
Calculate the remainder when 3822056 is divided by 25.
6
What is the remainder when 18107979 is divided by 1060?
1059
Calculate the remainder when 30597 is divided by 15007.
583
What is the remainder when 96332 is divided by 185?
132
Calculate the remainder when 220416 is divided by 171.
168
What is the remainder when 36006 is divided by 5634?
2202
Calculate the remainder when 28227 is divided by 4023.
66
What is the remainder when 249896 is divided by 1654?
142
What is the remainder when 18122926 is divided by 1999?
1991
Calculate the remainder when 85542 is divided by 3167.
33
What is the remainder when 5165798 is divided by 218?
70
Calculate the remainder when 1768430 is divided by 239.
69
What is the remainder when 75457 is divided by 37700?
57
Calculate the remainder when 121817117 is divided by 1716.
1709
Calculate the remainder when 193331 is divided by 64441.
8
Calculate the remainder when 106966829 is divided by 107.
106
Calculate the remainder when 8654 is divided by 27.
14
What is the remainder when 86512 is divided by 167?
6
Calculate the remainder when 458196 is divided by 1992.
36
What is the remainder when 477209 is divided by 96?
89
Calculate the remainder when 12036 is divided by 5955.
126
Calculate the remainder when 17958317 is divided by 2993051.
11
Calculate the remainder when 45848765 is divided by 3248.
3245
What is the remainder when 16532614 is divided by 12?
10
Calculate the remainder when 5103392 is divided by 1358.
28
What is the remainder when 819364 is divided by 27311?
34
Calculate the remainder when 334572 is divided by 8160.
12
Calculate the remainder when 130416674 is divided by 5969.
5962
What is the remainder when 106153 is divided by 3465?
2203
What is the remainder when 70843084 is divided by 54?
52
Calculate the remainder when 4172093 is divided by 1390694.
11
Calculate the remainder when 25569 is divided by 8242.
843
What is the remainder when 3473887 is divided by 385983?
40
Calculate the remainder when 24945260 is divided by 2.
0
What is the remainder when 4921608 is divided by 459?
210
What is the remainder when 54661453 is divided by 131?
0
Calculate the remainder when 40402 is divided by 12123.
4033
What is the remainder when 16885419 is divided by 16885416?
3
Calculate the remainder when 5589763 is divided by 177.
103
What is the remainder when 180846 is divided by 5495?
5006
Calculate the remainder when 23737763 is divided by 765734.
9
What is the remainder when 174026 is divided by 21?
20
Calculate the remainder when 272257 is divided by 9825.
6982
What is the remainder when 10960526 is divided by 433?
430
What is the remainder when 69489691 is divided by 16?
11
Calculate the remainder when 281093 is divided by 701.
693
Calculate the remainder when 1049321 is divided by 61709.
268
Calculate the remainder when 2440126439 is divided by 428.
427
Calculate the remainder when 24624471 is divided by 105.
81
What is the remainder when 17288564 is divided by 23175?
14
What is the remainder when 474390 is divided by 22?
4
What is the remainder when 3212999 is divided by 2125?
2124
Calculate the remainder when 19392359 is divided by 258.
47
Calculate the remainder when 26191291 is divided by 552.
547
What is the remainder when 9756337 is divided by 406513?
25
What is the remainder when 964780 is divided by 1608?
1588
What is the remainder when 148306 is divided by 148246?
60
What is the remainder when 25421898 is divided by 85?
13
What is the remainder when 187869 is divided by 5737?
4285
Calculate the remainder when 59438 is divided by 9792.
686
What is the remainder when 48599 is divided by 2681?
341
Calculate the remainder when 674372542 is divided by 37.
34
What is the remainder when 1501301 is divided by 1978?
1977
Calculate the remainder when 190656 is divided by 47639.
100
What is the remainder when 70651 is divided by 1053?
100
What is the remainder when 4215819 is divided by 587?
572
What is the remainder when 479491 is divided by 2066?
179
Calculate the remainder when 413649263 is divided by 18.
11
Calculate the remainder when 7828 is divided by 4997.
2831
What is the remainder when 213008 is divided by 34?
32
Calculate the remainder when 6882047 is divided by 7275.
7172
Calculate the remainder when 80588434 is divided by 1719.
1714
What is the remainder when 2290706 is divided by 407?
110
What is the remainder when 46826940 is divided by 233?
231
What is the remainder when 593975 is divided by 197610?
1145
Calculate the remainder when 1141899 is divided by 1141891.
8
What is the remainder when 2517155 is divided by 1258285?
585
What is the remainder when 611253748 is divided by 138?
136
Calculate the remainder when 148331792 is divided by 850.
842
Calculate the remainder when 472456 is divided by 157485.
1
What is the remainder when 574010 is divided by 59?
58
What is the remainder when 12475057 is divided by 205?
192
What is the remainder when 46941 is divided by 2040?
21
Calculate the remainder when 9753745 is divided by 2521.
2517
Calculate the remainder when 432226 is divided by 86435.
51
What is the remainder when 37921356 is divided by 193?
137
Calculate the remainder when 585668 is divided by 171.
164
Calculate the remainder when 96125 is divided by 4216.
3373
Calculate the remainder when 153173 is divided by 221.
20
Calculate the remainder when 70778 is divided by 4881.
2444
What is the remainder when 21667868 is divided by 626?
130
What is the remainder when 381824 is divided by 15892?
416
Calculate the remainder when 204846133 is divided by 272040.
13
What is the remainder when 28550055 is divided by 5586?
9
Calculate the remainder when 56291486 is divided by 4915.
4906
Calculate the remainder when 3619832 is divided by 1218.
1154
What is the remainder when 1736440 is divided by 69440?
440
What is the remainder when 80637 is divided by 13382?
345
Calculate the remainder when 148258 is divided by 49412.
22
Calculate the remainder when 7148 is divided by 5337.
1811
Calculate the remainder when 19181903 is divided by 48.
47
Calculate the remainder when 1748978 is divided by 461.
405
Calculate the remainder when 118057 is divided by 1617.
16
What is the remainder when 268955 is divided by 781?
291
What is the remainder when 982